3*s. Calculate t(-2).
1
Let m(i) = -2*i + 3*i - 3*i. Suppose 5*y + 56 = 3*l, 3*l + 4*y = 18 + 56. Let c = -28 + l. Calculate m(c).
12
Let p(s) = -s**2 - 11*s + 64*s - 65*s + 1 - 7. Determine p(-12).
-6
Let l(j) = -8*j**3 + 11*j**2 - 7*j - 15. Let w(o) = -5*o**3 + 10*o**2 - 6*o - 14. Let c(y) = -2*l(y) + 3*w(y). Determine c(-8).
20
Let i(z) = -z**2 + 2*z + 1. Let v be i(1). Let s(b) = -20*b**2 + 3*b - b - 26*b**2 + 47*b**v + 1. What is s(-2)?
1
Let l(q) = q**3 + 2*q**2 - 2*q - 10. Let b(c) = -15*c - 228. Let a be b(-15). Determine l(a).
-13
Let s(a) = a**2 + a - 2. Suppose -2*u = -5*u + 12. Suppose -2*n - 2*d = -4, -2*d + d = -u. Determine s(n).
0
Let l(p) = p**3 - 11*p**2 + 10*p + 10. Let v(q) = -q**3 + q**2 + 9*q + 1. Let n be v(-3). Determine l(n).
10
Suppose 14 = -0*o + 2*o. Let w(b) be the second derivative of b**4/24 - b**3/3 - b**2 + 5*b. Let d(k) be the first derivative of w(k). What is d(o)?
5
Let h(p) = 3*p**2 + 3*p + 1. Let s(k) = -k**2 - k - 1. Let f(d) = 2*h(d) + 5*s(d). Let i = -2 + 5. Suppose 0 = -i*b - 2*b - 20. Give f(b).
9
Let z(h) = -2*h**2 + 16*h + 35. Let m be z(10). Let v(c) = c**3 + 5*c**2 + 7*c + 2. Calculate v(m).
-33
Let n(p) = -47*p**3 - 4*p**2 + 90*p**3 - 1 + 5*p - 44*p**3 + 5 + 0*p**2. Let h(x) = -x**2 - 5*x + 9. Let m be h(-7). What is n(m)?
4
Let u(f) be the second derivative of 7/2*f**2 - 1/12*f**4 - 7/6*f**3 - 3*f + 0. Let p be (-14)/(-8)*(-16)/4. What is u(p)?
7
Let t(z) = 2*z**2 + 3*z**2 - 7*z - z**3 + 1832 - 1826. What is t(4)?
-6
Suppose -12*c + 7*c = -30. Suppose d - i = -2*i + c, 3*d + 2*i = 13. Let s(v) = 4*v. Determine s(d).
4
Let v(c) = 8*c - 5. Suppose -8*r + 7*r + 5*z = 5, 25 = -5*r - 3*z. Give v(r).
-45
Let l(c) = c**2 + c + 3. Let g(m) = 4*m**2 - 6*m - 16. Let u(a) = g(a) + 5*l(a). Let j(p) = p + 4. Let y be j(-5). Determine u(y).
9
Let u(f) = 7*f**2 + f + 5. Let l(k) = -k**2 + 1. Let v(q) = -q - 2. Let d(r) = l(r) + v(r). Let z(c) = 6*d(c) + u(c). Give z(5).
-1
Let h(n) = n**3 - n**2 - 2*n - 1. Let m be 2*((-10)/8)/(5/(-10)). Let w(p) = p - 6. Let a be w(m). What is h(a)?
-1
Let b(m) be the first derivative of m**3/3 + 7*m**2/2 - 3*m - 186. Let p(v) = v**2 + 2*v - 3. Let s be p(3). Let u be -2 + 0 - s/4. Give b(u).
-13
Let i be (0 - 1)/((-1)/3). Suppose 4*w = -i*n + 35, 0*n - 20 = w - 5*n. Let h(y) = 4 - w + 3 - 3*y. Calculate h(-3).
11
Let k be 2/10 + 46/(-5). Let p(g) = -g - 9*g - 749 - 745 + 2240 - 750 - g**2. Calculate p(k).
5
Let c(p) be the first derivative of p**3/3 + 7*p**2/2 + p - 7660. Let k = 0 + -6. Determine c(k).
-5
Let o(v) = -7*v**2 - v. Let q(h) = 20*h**2 + 11*h - 3. Let c(w) = 3*o(w) + q(w). Give c(8).
-3
Let o(s) = -49*s + 351. Let x be o(7). Let m(y) = -y**2 + 6*y + 20. Determine m(x).
4
Suppose 2*z - 12*d + 11*d + 13 = 0, -28 = 5*z - 4*d. Let u(n) be the third derivative of n**5/60 + 3*n**4/8 - 3*n**3/2 + 3*n**2. What is u(z)?
-17
Let b(w) be the second derivative of -3*w**2 + 0 - 16*w - 1/6*w**3. What is b(-6)?
0
Let c be 9/(-18)*(-36)/2. Let y = 14 - c. Let u(q) = 2*q**2 + 4*q + y*q**2 - q**2 + 6 - 5*q**2. What is u(-5)?
11
Let g(d) be the second derivative of -d**3/6 - 7*d**2 - 14*d. Let m = 0 - 9. Calculate g(m).
-5
Let i(q) = -q**3 - 3*q**2 - 2*q - 1. Suppose -546 = 10*f - 526. Calculate i(f).
-1
Let i(g) = 8*g**2 + 27*g + 6. Let a(x) = 7*x**2 + 25*x + 5. Let y(o) = -5*a(o) + 4*i(o). What is y(-6)?
-7
Suppose 0 = -v + 2*r + 10 + 4, 15 = 3*v + 3*r. Let t(p) = 3 + p - v*p - 1 - 3. Calculate t(-2).
13
Let p(s) = -2*s**2 - 2*s. Let x(z) = 4*z**2 + 9*z + 2. Let n(c) = -3*c**2 - 8*c - 2. Let v(y) = 3*n(y) + 2*x(y). Let t be v(-6). Calculate p(t).
-4
Let c(a) = -2*a**2 + 6*a. Suppose 5*p - 3*f = 3, -5*p - 3*f = -2*f + 1. Let b(u) = 2*u**2 - u + 4. Let k be b(p). What is c(k)?
-8
Let r(l) = -l**2 - 10*l - 9. Suppose 24 = -3*a + 3*o, 9*a = 4*a - 3*o - 40. What is r(a)?
7
Suppose -v + 3*v - 4 = 3*g, -3*g + v - 8 = 0. Let a(f) = f**2 + 2*f - 3. What is a(g)?
5
Let r = 20 - 52. Let z = r + 30. Let k(c) = 3*c**2 + 3*c - 2. Let b(p) = 10*p**2 + 10*p - 6. Let l(h) = 5*b(h) - 16*k(h). What is l(z)?
6
Let f(p) = -p**2 - p - 2. Let h(r) = r**3 + 1. Let b(t) = 2*t**3 + 8*t**2 - 9*t + 6. Let z(l) = b(l) - 3*h(l). Let g be z(6). Let c = g + -24. Determine f(c).
-8
Let b = 141 + -139. Let w(c) = -1 + b - c - 7 + 2. Determine w(3).
-7
Let q be (-4)/32 - (-206)/(-16). Let t = 3 - q. Let c(h) = -t + 10 + 2*h + 10 - h. What is c(3)?
7
Let y(w) = 3*w**2 - 6*w. Let r be y(5). Suppose 0 = 3*i - 6*i + r. Suppose 5*u = 5*c + 3*u, -3*u + i = 0. Let l(b) = b**2 - 5*b + 2. Determine l(c).
-4
Let v(i) = -i**3 - 5*i**2 - 4*i - 4. Suppose 0*n = n + 4. Let r(a) = a**3 + 4*a**2 + 5*a + 3. Let t(f) = n*v(f) - 3*r(f). Give t(-8).
-1
Let z(y) be the first derivative of y**3/3 + 6*y - 26. What is z(0)?
6
Let k be (-20)/(-6)*(-108)/(-72). Let w(u) be the third derivative of -1/20*u**k - 1/3*u**3 + 8*u**2 + 0 + 0*u + 1/12*u**4. Determine w(2).
-10
Let l(a) = a**2 - 10*a + 20. Let w be l(10). Suppose 4*h - 5*s + 45 = 0, -w = -3*h + 2*h - 5*s. Let g(o) = 0*o - 2*o + o**3 - 2 + 4*o**2 + 8. Calculate g(h).
-9
Let g(x) be the second derivative of -x**3/6 - 3*x**2/2 - 2*x. Let w = -1630 + 1623. Give g(w).
4
Let c(b) = 2 + 0 + 4*b - 1 + b**2 - 2. Suppose -12 = -a - 15. What is c(a)?
-4
Let n(u) = u**3 - 2*u**2 - 6*u + 1. Let i(j) = -7*j + 2. Let d be i(-1). Let l be 2*d - 0/(-2). Let g = l + -14. Determine n(g).
9
Let y(b) = b. Let s be (8/(-20))/((-4)/50). Suppose 5*o - 31 - 4 = 4*k, 0 = 4*o - s*k - 37. Calculate y(o).
3
Let c(f) = -f**3 + 7*f**2 + 12*f - 37. Let x be c(8). Let s(b) be the second derivative of -b**3/2 - b**2/2 + 4*b. What is s(x)?
14
Let c(m) = m**3 - 8*m**2 - 3. Let w be 2 - 9/((-9)/10). Let h be w*(-9)/(54/(-4)). Give c(h).
-3
Let r(m) = 4*m**3 + 11*m**2 - 9*m + 11. Let c(h) = h**3 + 5*h**2 - 4*h + 5. Let p(o) = 5*c(o) - 2*r(o). Give p(2).
-13
Let h(o) = 15*o**3 + o**2 + o - 1. Suppose 6 + 0 = 5*w - 2*f, -4*w + 6 = -2*f. Suppose -v = -w*v - 1. Determine h(v).
16
Suppose 4*w = -3*j + 22, 2*w - 12 = -3*j + j. Let x(z) = -14 + z**3 + 2*z**2 + 16 - j*z**2 + 2*z - 4*z**2. Give x(2).
-2
Let m = 45 + -43. Let p(k) = -2*k + 8 + k**m + 0 + 4*k + 5*k. Suppose 24 = d - 5*d. What is p(d)?
2
Let p(n) = 1 + 1 + 0*n - 2*n. Let d be p(4). Let b(r) = -4 + 760*r**2 + 5*r - r - 759*r**2. Calculate b(d).
8
Suppose -4*r + 6 = x, -1 = -3*x + 5*r - 0*r. Let g(n) = -4 + n**2 - 8*n + x*n + 0*n**2. Determine g(5).
-9
Let y(d) = 10*d**2 - 12*d - 10. Let j be 57/(-8) - 2/(-16). Let p(g) = -7*g**2 + 8*g + 7. Let i(t) = j*p(t) - 5*y(t). Give i(4).
1
Let k(p) be the second derivative of -p**5/60 - p**4/12 - 2*p**3 + 14*p. Let o(q) be the second derivative of k(q). Determine o(2).
-6
Let t(r) = r**2 + 5*r**3 - 3*r - 1 + 3*r - r. Let q(j) = 23*j - 103. Let s be q(5). Suppose 16*w = s*w - 2*c - 8, -4*c = -w + 7. Determine t(w).
-4
Let h(a) = a**2 - 81*a + 238. Let t be h(78). Let k(l) = -6*l + 1. Give k(t).
-23
Suppose 0 = -2*m, 0*o = -4*o - 2*m + 12. Suppose -u + 2 = 4*j, 2 = -o*u - 4. Let q(w) = 2*w**2 - w. Give q(j).
1
Suppose 2*h - 6*h + 20 = 2*o, -h + 14 = 5*o. Suppose h = -c - 3*c + 3*v, c + 18 = 5*v. Let k(u) = 4 - u - 2*u - u**c - u + 0*u**2. Calculate k(-5).
-1
Let m(i) = -i**3 + 7*i**2 - 9*i + 8. Suppose 54*y = 48*y + 36. What is m(y)?
-10
Let a be 30*((-1)/(-3) - (14 - 14)). Let g(r) = -4*r + 12. Give g(a).
-28
Let w(b) = -b**3 - 7*b**2 - 6*b - 4. Let d be (-1)/(1/(-9)*3) + -8. Determine w(d).
-24
Suppose 0 = y - s + 3, 29 = -3*y - 0*y - s. Let z(i) = -2*i**2 - 3*i - 1. Let x(d) = 5*d**2 + 8*d + 3. Let r(o) = y*z(o) - 3*x(o). Calculate r(-3).
8
Let z = 527 + -511. Suppose 8 = y + 3*v, 2*v - 18 + 1 = -3*y. Suppose -3*i + y + z = 0. Let j(w) = w**3 - 7*w**2 + w - 5. What is j(i)?
2
Let r(u) = -5*u**3 + u**2 - u - 1. Let k = -57 + 62. Suppose -4*h = -20, -y + k*y + 14 = 2*h. Calculate r(y).
6
Let x = -372 + 373. Let q(n) = -n**3 + 2*n**2 - 1. Give q(x).
0
Let u(i) = 13*i**2 - 32*i - 16. Let j(p) = 3*p**2 - 8*p - 4. Let n(t) = -9*j(t) + 2*u(t). Give n(8).
4
Let k = -45 - -56. Let y(m) = -2*m + 25. Let d be y(k). Let w(n) = n**2 - 3. What is w(d)?
6
Let i(f) = -f**2 - 22*f - 22. Let r be ((0 - -1) + -2)/((-12)/(-240)). Give i(r).
18
Let f(j) = -5*j**2 - j**3 - 14*j - j**3 + 4 - 9 + 3*j**3 + 19*j. Calculate f(4).
-1
Let f(h) = 